2)/8 + h/(-12).
2
Let f(b) = b**2 + 5*b + 2. Let i be f(-5). Let g = i + -4. Calculate the remainder when 17 is divided by 3/(-7)*g*7.
5
Suppose -2*i + 285 = 3*i. What is the remainder when i is divided by 2/11 + 38376/1287?
27
Let z be (-5 + 0)*-3*3/3. Calculate the remainder when 70 is divided by (68/12 + -4)*z.
20
Let l(d) = 39*d + 9. Let b be l(-4). Let k = -106 - b. What is the remainder when k is divided by 5?
1
Let o(c) = 3*c**2 + 11*c + 1. Let t be o(-3). Calculate the remainder when 11/(165/(-6)) + (-72)/t is divided by 3.
2
Suppose -14 - 18 = -z. What is the remainder when 125 is divided by z?
29
Suppose -v + 3*v = 0. Suppose 0 = -474*g + 472*g + 4. Suppose -i + 18 + g = v. What is the remainder when 79 is divided by i?
19
Suppose 3*h = 3*u + 57, 4*u + 52 = 2*h + 9*u. Calculate the remainder when -6 + 140/h + (-52)/(-3) is divided by 11.
7
Suppose 4*h = -3*z + 265, 2*h - z = 7*h - 323. Suppose -c - 3*c = -h. Let p = 31 - -32. Calculate the remainder when p is divided by c.
15
Suppose -b + 4*k = -605, -3*b + 2*k + 1815 = 4*k. What is the remainder when b is divided by 76?
73
Let n = 74 - 71. Let y = 8 - 6. Suppose 18 = y*t + 2. What is the remainder when t is divided by n?
2
Let f = 1282 - 1274. Let s be 4 + (1 + 0)/(-1). Suppose -c = -s*c + 30. What is the remainder when c is divided by f?
7
Let s = -2079 + 2084. Suppose o = -2*o - 6. Let m = 15 + o. What is the remainder when m is divided by s?
3
Suppose 10 - 32 = -g + h, -4*h - 20 = 0. Calculate the remainder when g is divided by 4.
1
What is the remainder when 26 is divided by (95/(-10) - -2)/(10/(-24))?
8
Let h = -36 - -5. Let a = -14 - h. What is the remainder when a is divided by (-5782)/(-588) + 7/6?
6
Let k = -211 + 313. Calculate the remainder when k is divided by 36.
30
Suppose m - 18 = -2. Let c = -1646 - -1708. What is the remainder when c is divided by m?
14
Let w(u) = -u**3 + 14*u**2 - 13*u - 15. Suppose 0 = 2*y - 5*y + 90. What is the remainder when w(12) is divided by y?
27
What is the remainder when (-4)/(-10) - (-38)/5 is divided by 3 + (-5 - (4 + -8))?
0
Let x(g) = -3*g**2 - 4*g - 1. Let c be x(3). Let i = -20 - c. Suppose -3*s + 167 = 3*r - s, -4*r - 4*s = -220. What is the remainder when r is divided by i?
17
Let a(u) = -4*u + 7*u + 8*u**2 + 0 - 3. What is the remainder when 39 is divided by a(1)?
7
Let f = 353 - 248. Let n(q) = -12*q**2 + 10*q + 7*q**3 - 5*q**3 - 3*q**3 - 21. What is the remainder when f is divided by n(-13)?
15
Let d(o) = -360*o**3 - 6*o**2 + o + 1. What is the remainder when d(-1) is divided by 21?
18
Let s be (1 - 117/6)*2. Let r = 52 + s. Let b = 75 + -46. What is the remainder when b is divided by r?
14
Let g = -40 - -43. Suppose 29 = j + 5*p, -g*p = -3*j + 31 + 20. What is the remainder when j is divided by 11?
8
Let n(s) = -s**3 + 12*s**2 + 62*s + 61. Calculate the remainder when n(16) is divided by 22.
7
Let w be (3 - -49) + 3 + -4. Suppose -w = -3*c - 3*q, 34 = 2*c + 6*q - 3*q. What is the remainder when c is divided by 6?
5
Let s be (9 - 0)/3 - (4 - 1). Calculate the remainder when (-1 - 264/8)/(s + -1) is divided by 9.
7
Let u(t) = 3*t**2 - 7*t - 10. Suppose -7*z + 15 = -27. Calculate the remainder when u(z) is divided by 15.
11
Suppose 5*o - a = 177, 0 = -4*o + 2*a + a + 135. Calculate the remainder when o is divided by 8.
4
What is the remainder when 42 is divided by 18/(-2 - (7 + -11))?
6
Let s = -58 - -157. Let l(u) = -u**3 + 43*u**2 + 92*u - 65. Calculate the remainder when s is divided by l(45).
24
Suppose 8 = -2*f + 6*f. Suppose -2*g + 4 = -0, -5*z = f*g - 34. What is the remainder when z is divided by 2?
0
Suppose z - 15 = 18. Suppose 5*f + 6 = 1, 4*b = -5*f + 115. What is the remainder when z is divided by (-6)/b + (-61)/(-5)?
9
Let j(h) = h**2 - 21*h - 93. What is the remainder when j(30) is divided by 28?
9
Suppose 0 = -0*w + 2*w - 206. Let c(t) = t**3 + 17*t**2 + 17*t + 37. What is the remainder when w is divided by c(-16)?
19
Suppose -8*r + 6*r + 40 = 0. What is the remainder when ((-999)/(-54))/(1*(-1)/(-2)) is divided by r?
17
Suppose -y - m + 6*m + 43 = 0, -5*y - m + 137 = 0. What is the remainder when 75 is divided by y?
19
Let o = 72 + -40. What is the remainder when o is divided by 13?
6
Let j = -856 - -929. Calculate the remainder when j is divided by 10.
3
Calculate the remainder when 57 is divided by ((-48)/(-2))/(-4) + 53 - -4.
6
Let j be 21/105 - 118/(-10). Calculate the remainder when (-3)/2 - (-1266)/j is divided by 36.
32
Let t be (-4)/(-6) + (-5080)/(-12) + 2. Suppose 0 = -35*a + 33*a + t. What is the remainder when a is divided by 24?
21
Let r(h) be the third derivative of 5*h**4/24 - 3*h**3/2 - 3*h**2. Calculate the remainder when r(8) is divided by 7.
3
Suppose 0*i - i = -4. Suppose -i*r = -8*r - 472. Let v = 174 + r. Calculate the remainder when v is divided by 15.
11
Let m = 16 + -11. Let o = 183 - 169. Calculate the remainder when o is divided by m.
4
Suppose t - 13 = -8. Suppose 5*i - 95 = -t*z, z = -4*i + 3 + 16. What is the remainder when 52 is divided by z?
14
Let v(m) = -3*m - 29. Let l be v(-11). Suppose 672 = l*o + 2*a, -5*o - 4*a = -3*a - 843. Calculate the remainder when o is divided by 43.
40
Let o(p) = -29*p - 13. Let v be o(-8). Calculate the remainder when 184 is divided by (-10)/35 + v/7.
29
Suppose -32 = b - 3*k, -4*b - 88 = -b - 5*k. Let l = b - -5. What is the remainder when (-3)/(-12) + l/(-12) is divided by 1?
0
What is the remainder when 4446/30 - 1*(-2)/(-10) is divided by 75?
73
Suppose 8 - 83 = -5*i. Let k(g) = g**3 - 18*g**2 - g + 25. Calculate the remainder when i is divided by k(18).
1
Let t(h) = -4*h + 14. Let o be (39/(-3))/(1 + -2). Let q be t(o). Let a = -19 - q. What is the remainder when a is divided by 7?
5
Suppose i - 4 = -0*i + 4*a, 2*a = -2. Suppose 3*x - 24 = -i*c - 3*c, 0 = 4*c - 20. Suppose 0 = -x*s + 75 + 33. Calculate the remainder when s is divided by 13.
10
Suppose -2*f - 138 = -3*f. What is the remainder when f is divided by -3 + 9269/186 + 1/6?
44
What is the remainder when 468 is divided by (2*(-117)/(-12))/((-61)/(-732))?
0
Let t(j) = 20*j - 7. Let m(x) = -7*x + 2. Let q(i) = 7*m(i) + 2*t(i). Calculate the remainder when 25 is divided by q(-1).
7
Suppose -18 = 3*k - 33. Suppose -k*o - 15 = c, 5*c - o + 0*o - 29 = 0. Suppose c*j - 31 = -1. Calculate the remainder when j is divided by 3.
0
Let b be 3 + -2 - 4 - (0 - 93). Suppose -8*d = -17*d + b. Calculate the remainder when 16 is divided by d.
6
Let q = 259 - 223. Calculate the remainder when 173 is divided by q.
29
Let p = -642 - -647. What is the remainder when p is divided by 2?
1
Let j(t) = -4*t + 46. Let n be j(0). Suppose 2*r + 2*k = n, -4*r - 4*k = r - 118. What is the remainder when r is divided by 14?
12
Suppose 0 = -3*o - 2*a + 292, a = -5*o + 2*o + 290. What is the remainder when o is divided by 11?
8
Let i(p) be the second derivative of -p**3/6 - 9*p**2/2 - 2*p. Let d be i(-11). Suppose -6*z + 24 = -d*z. What is the remainder when 10 is divided by z?
4
Suppose 7*r = 14*r - 21. Suppose 47 = 2*x - d, -r*d + 2*d = 3*x - 83. Calculate the remainder when 47 is divided by x.
21
What is the remainder when (-3)/(-4 - (-303)/(-294) - -5) is divided by 15?
8
Let r = 82 + -57. Suppose -l + 88 + r = 0. What is the remainder when l is divided by 29?
26
What is the remainder when 126 is divided by (1 - 1136/64)/(2/(-8))?
59
Calculate the remainder when (-2405)/(-52) - (-1)/(-4) is divided by 36.
10
Let d = 334 + 8. Suppose 3*c - d = -4*i - 87, 4*c + 185 = 3*i. Calculate the remainder when i is divided by 32.
31
Suppose -5*q = -4*q - 1. Let f(l) = -2*l + 2. Let h be f(q). Suppose -3*b - 12 = h, -130 = -4*r - 5*b + 42. Calculate the remainder when r is divided by 17.
14
Let t be 6/(8/(-4)) + 5. Suppose -3*k = -t*d + 73, -6*d + 3*k = -2*d - 137. What is the remainder when d is divided by 14?
4
Let t = 1039 + -1017. What is the remainder when 89 is divided by t?
1
Let f = -1052 - -1679. Calculate the remainder when f is divided by 90.
87
Suppose -54 = -5*i - 19. Suppose i*m = 2*m + 20. Suppose -3*r + 116 = 4*f, -3*r + m*r = 0. Calculate the remainder when f is divided by 8.
5
Let q(o) = -213*o**2 - o**3 + 213*o**2 + 8. What is the remainder when -2 - ((1 - 33) + 0) is divided by q(0)?
6
Let i = 842 - 809. L